- 10*y + 8. Let p(z) = 9*z**2 - 2*z - 1. Let u be p(1). What is the tens digit of h(u)?
3
Let r = 161 + -155. Suppose -4*w + r*w = 4*j + 120, w = j + 65. What is the tens digit of w?
7
Suppose 0 = p + 1, b - p = 3*b - 3. Suppose b*z + 38 = 36. What is the units digit of z*(-338 - -3)/5?
7
Suppose -y = 4*h - 7499, -10*h + 12*h - 2*y = 3762. What is the tens digit of h?
7
Let s be (-2)/(2*7/(-133)). What is the units digit of 3*(-2 - -5)*(52 + s)?
9
Let n = 3 + -1. Suppose -n*c + 1306 = 3*m + m, -2*c - 1318 = -4*m. Suppose x - d - 79 = -5*d, -m = -4*x - 4*d. What is the units digit of x?
3
Suppose 20*q - 1 - 19 = 0. What is the units digit of (-1954 - -6)*q/(-4) - -4?
1
Let t(y) = y**3 + 60*y**2 - 251*y + 167. What is the units digit of t(-47)?
1
Suppose 15*i - c = 11*i + 3733, 0 = 2*i - 5*c - 1871. What is the hundreds digit of i?
9
Suppose 0*u = -3*u. Suppose u = -2*w - 0*w + 16. Let h = 0 + w. What is the units digit of h?
8
Let f(o) = o**3 - 3*o**2 - o + 7. Let l be f(3). Suppose l*b - x - 265 = b, -365 = -4*b - x. Suppose -b = 2*c - 220. What is the tens digit of c?
6
Let o(p) = -2*p**2 - 28*p + 10. Let v be o(-14). Let h(j) = j**3 - 9*j**2 + 2*j - 9. What is the hundreds digit of h(v)?
1
Let a be 10 + (0 - 3) - -3. Let w be 4/a + 36/(-15). What is the hundreds digit of w + 109 + -4 + 2?
1
Let v be 2/(-4)*(-257 + -5). Suppose -4*o - 3*x = v, -4*x - 23 = -3. Let z = 38 + o. What is the units digit of z?
9
Let c be -2 + 24/4 + 1. Suppose 4*i = j - 4*j + c, -3*j = 3. Suppose i*v - 118 = 112. What is the tens digit of v?
1
Suppose 0 = 9*r - 5*k - 67894, -3*r - 4*k = -2*r - 7521. What is the tens digit of r?
4
Let u(w) = -w**3 + w**2 - w + 1. Let k(x) = -4*x**3 - 2*x**2 - 14*x - 13. Let p(n) = -k(n) + 5*u(n). What is the tens digit of p(8)?
2
Let i(n) = 276*n**2 + 11*n + 110. What is the hundreds digit of i(-6)?
9
Let a = -321 + 216. What is the tens digit of a/(-5) + (-3 - -8) + -2?
2
Suppose -b = -5*x - 2115, -2*x - 1089 + 266 = -5*b. Let o = x - -829. What is the hundreds digit of o?
4
Suppose -347*f + 127660 = -337*f. What is the units digit of f?
6
Let q = 744 - 392. Let k = q + -200. What is the hundreds digit of k?
1
Suppose -c = 2*u - 1291, -1294 = -c - 10*u + 7*u. Let a = -41 + c. What is the hundreds digit of a?
2
Let d(z) = -6*z - z**3 + 23*z**2 - 23 - z**2 - 3*z**2. What is the tens digit of d(13)?
1
Let d(q) be the first derivative of q**4/4 + 10*q**3/3 + 11*q**2/2 - 11*q + 70. What is the tens digit of d(-7)?
5
Suppose 34*o - 7044 = 12540. What is the tens digit of o?
7
What is the hundreds digit of ((-6)/(-7))/(435/8536150)?
8
Let b(r) = r**3 - 5*r**2 + 5. Suppose -3*i = -9, 3*c = 4*c + 2*i - 8. Let q be ((-17)/(-34))/(c/20). What is the units digit of b(q)?
5
Suppose 0 = -3*c - 4*y + 9, -3*c + 5*y + 9 = 0. Suppose c*h - 2*p - 643 = 0, h + 10*p = 12*p + 221. What is the tens digit of h?
1
Let a(m) = -3*m - 8 + 35 + 3. Let k be a(9). Suppose -423 = -4*r - 5*x, -k*x = 5 + 10. What is the units digit of r?
2
Let g(n) = 23*n**2 - 8*n - 26. What is the units digit of g(-13)?
5
Suppose -343*b = -346*b + 12. Suppose -3*i + b*u + 704 = 0, 4*u = -11*i + 16*i - 1168. What is the units digit of i?
2
Let i = -98 - -98. Suppose i = -4*n - 27 + 155. Suppose 4*p = -2*y - 2*y + 24, 5*p - n = -4*y. What is the units digit of p?
8
Let t(i) = 4*i**3 - 8*i**2 + 6*i + 8. Let c be t(4). Suppose c*b - 152*b - 6496 = 0. What is the tens digit of b?
1
Suppose -2*f + 4 = -6. Suppose 4*n + 2 = 5*n, 62 = 2*z + n. Let h = f + z. What is the tens digit of h?
3
Suppose -97 = -w - 95. Let k(g) = 11*g**3 + 7*g + 10*g - 12*g**3 + 4 - 4*g - 11*g**w. What is the tens digit of k(-13)?
7
Suppose -2*f = -m + 11, 11*f - 10*f + 5 = 0. Let t = 0 + 0. Suppose t = c + m - 53. What is the tens digit of c?
5
Suppose 1536226 = 29*i + 214323 - 585891. What is the thousands digit of i?
5
Let k(p) = p**3 + 5*p**2 + 3*p - 2. Let x be k(5). Let d = 1413 - 1582. Let n = x + d. What is the tens digit of n?
9
Suppose 362 = r - 2*q - 137, 0 = 3*r - 2*q - 1477. Let u = r + -348. What is the units digit of u?
1
Let i(l) = -5*l**3 - 3*l**2 - 7*l - 39. Let v(a) = -2*a**3 - a**2 - 3*a - 15. Let p(h) = 5*i(h) - 13*v(h). Let y = 9 - 4. What is the units digit of p(y)?
5
Let r = 261 - 91. Suppose -5*g + r = 3*w, -3*w + 139 = 5*g - g. Suppose -28*b + g*b - 171 = 0. What is the tens digit of b?
5
Let g(v) = 137*v**2 - 66*v + 871. What is the tens digit of g(12)?
0
Let g(j) = 3*j**2 - 11*j + 12. Let f be g(5). Suppose 2*v + f = 42. Suppose 11*h = v*h + 1512. What is the hundreds digit of h?
2
Let o = 594 + -273. What is the hundreds digit of o?
3
What is the ten thousands digit of 1 - ((-203520)/(-50))/(18/(-120))?
2
Suppose -4691 = 4*h + 4*f - 15639, 5*h + 4*f = 13686. What is the units digit of h?
8
Suppose q + 2*l + 2 = 2*q, -15 = 3*q + l. Let c be 6/q - 6593/(-38). Suppose 5*w - c = -2*a, w = -6*a + 2*a + 326. What is the units digit of a?
1
Let h(y) = 6*y**2 + 91*y - 8. Let l be h(-17). Let m = l + -103. What is the tens digit of m?
7
Let y = -5535 - -14841. What is the tens digit of y?
0
Let z(x) = -181*x + 1970. What is the tens digit of z(-7)?
3
What is the units digit of (1/2)/((-1883655)/1883670 - -1)?
9
Suppose -o - 12 = 3*o, -4*o + 48 = 2*b. Let w = 38 - b. Suppose 4*l = w*l - 368. What is the tens digit of l?
9
Let a(b) = -6*b + 7. Suppose -3*z - 11 = 45*g - 44*g, -9 = 2*z - g. What is the tens digit of a(z)?
3
Suppose 151*v - 195*v + 317384 = -1623940. What is the tens digit of v?
2
Let y(r) = 2*r**2 - 12*r - 155. Let j be y(28). Let h = j + -566. What is the units digit of h?
1
Let c = -80 + 135. Suppose -5*h + p = 6*p + c, -h - 2*p = 7. What is the tens digit of (12/h)/((-2)/50)?
2
Let l(o) = 2*o**2 + 3*o**3 + 4*o**3 - 5*o + 3 - 8*o**3 - 2. Let d be l(-4). Suppose 0 = 3*q - 2*q - d. What is the hundreds digit of q?
1
Suppose -59*q = -179617 - 2422047. What is the units digit of q?
6
Let m be 1004/(-6)*-18*7/4. Suppose -24*i + 17*i = -m. What is the hundreds digit of i?
7
Suppose 0 = -4*t - 5*v - 386, -89 = t - v + 6*v. Let i = 36 + t. What is the tens digit of (-7 - i)/(2/3)?
8
Suppose 1 = 2*d - 1. Let j be 2/(d + 1) + 1922/31. Suppose -16*v = -15*v - j. What is the units digit of v?
3
Let u(o) = -5*o**2 - 18*o - 2. Let a be u(-2). Suppose -a*p + 15068 = -4056. What is the units digit of p?
6
Suppose 4*s = 4, -3*h - 3*s - 372 = -2112. Let a = h - -893. What is the units digit of a?
2
Suppose -4*c = -30 + 86. Let o be 759/7 + (-8)/c. Let p = o + -71. What is the units digit of p?
8
Suppose -l - 15 + 17 = 0. Suppose l*f = -0*f + 84. What is the units digit of (f/2)/((-9)/(-6))?
4
Suppose -20*y = -7*y - 26. Suppose 2*h - 47 = -u, y*u = 2*h - 24 - 14. What is the units digit of h?
2
Let z = 22526 + -6038. Let c be (-4)/14 + z/84. Let r = c + -29. What is the hundreds digit of r?
1
Suppose -24*l + 91*l = 47*l + 205680. What is the thousands digit of l?
0
What is the units digit of (-8 + -21)*(-88 + 1)?
3
Suppose 13*o - 40 = 3*o. Suppose 4*s - 955 = 2*s - k, o*s = -k + 1907. Suppose -5*d + s = -3*q, 468 = 4*d + d + q. What is the tens digit of d?
9
Suppose 191781 = -1173*f + 1200*f. What is the thousands digit of f?
7
Let m(n) = 16*n - 14. Let g be m(1). What is the units digit of 44/(-198) - g/((-18)/8849)?
3
Let f be ((-44)/198 - 94/(-18)) + 2011. Suppose 12*l - f = 6*l. What is the hundreds digit of l?
3
What is the tens digit of 8*-1 + (208104/23 - 2)?
3
Suppose -2*x + 5*p + 12819 = 0, -86*x - 6411 = -87*x + 2*p. What is the tens digit of x?
1
Suppose -5*s - 3*g + 25078 = -4744, 3*s + g - 17898 = 0. What is the thousands digit of s?
5
Let s(b) = b**2 - 2*b - 7. Suppose -5*x - d = -3*x - 8, 5*x - 10 = -5*d. Let i be s(x). Suppose h = i + 26. What is the units digit of h?
3
Suppose 218173 + 155270 = 31*p - 10*p. What is the tens digit of p?
8
What is the tens digit of ((342/(-4))/1)/((-284)/17608)?
0
Let w be ((-62)/93)/(4/20934). What is the units digit of 8/6*(w/(-6) - 4)?
0
Let l(h) = 7*h**2 - 3*h - 13. Suppose 0 = -3*g - 5*v + 11, -4*g - 4*v + 11 = -v. Suppose g*j - 22 = 5*q, -4*q - 12 = -j - q. What is the units digit of l(j)?
1
Let a(s) = -s + 7. Let k be a(-4). Suppose k*c + 5504 = 27*c. What is the hundreds digit of c?
3
Let s = 53172 - 31128. What is the hundreds digit o